**3 - 2*j**2 + 3*j + 6. Let t(x) = 3*b(x) - 2*s(x). Calculate the remainder when t(-4) is divided by 26.
19
Let v = -10 + 33. Let h(m) = 10*m**2 + 8*m + 86. Let o be h(-5). Let l = o - 283. Calculate the remainder when v is divided by l.
10
Suppose 2*y = -3*k - 20 + 118, 5*k - 149 = -3*y. Let l = 16 + 0. What is the remainder when y is divided by l?
11
Let a(v) = 7*v**2 - 3*v - 3. Let h(k) = -182*k - 4898. What is the remainder when a(-2) is divided by h(-27)?
15
Suppose 4*q - 5*c - 1 = 2, -3 = q - 5*c. Suppose k + 14 = q*k. Suppose -18*r = -117*r + 6633. What is the remainder when r is divided by k?
11
Let k be 0/(-1 - 5/10*-4). Suppose 5*v - 308 = 2*f - 6*f, 4*f + 2*v - 320 = k. Calculate the remainder when f is divided by 21.
19
Suppose 5*a + 709 = -4*z, -a - 1457 = 5*z - 597. Let n = 184 + z. Suppose 4*p = 3*x - 157, 3*x - 158 = -0*x + 5*p. What is the remainder when x is divided by n?
12
Suppose 168 = 7*z + 1190. Let p = z + 161. Calculate the remainder when 42 is divided by p.
12
Let o be (-6)/(-9)*15/(-10). Let b be (1 - 1)*o/2. Suppose 3*r = -z - r + 42, b = -r + 3. What is the remainder when 88 is divided by z?
28
Let k(m) = 4*m**2 - 2. Let j = -11453 - -11822. Calculate the remainder when j is divided by k(-4).
59
Let y(x) = 3*x**3 - 368*x**2 - 109*x + 55. Calculate the remainder when y(123) is divided by 444.
1
Suppose 0 = -3*h - 210 + 405. Let w(u) = -u**2 + 47*u + 389. What is the remainder when h is divided by w(54)?
10
Let b(x) = -x + 11*x**2 + 2*x**3 + 3*x**3 + 0*x**3 + 29 - 6*x**3. Calculate the remainder when 87 is divided by b(11).
15
Suppose 0 = -26*g + 31*g - 15200. Suppose -i - 15*i = -g. What is the remainder when i is divided by 48?
46
Let d = -555 - -1125. What is the remainder when 3427 is divided by d?
7
Let b(d) = 2*d + 37. Let i be b(-15). Suppose 4*n + 75 = i*n. Suppose 5*l - 183 = 3*l - s, n = -5*s. What is the remainder when l is divided by 19?
18
Let l = -31330 - -31394. What is the remainder when 38911 is divided by l?
63
Let m = 42883 + -41901. What is the remainder when 1964 is divided by m?
0
Let f = 1742 + -1740. What is the remainder when 1282 is divided by f?
0
Let z(h) = 26*h**2 - 49*h + 205. Calculate the remainder when 434 is divided by z(4).
9
Suppose 0 = 43*o - 35*o - 304. Suppose -116 = -4*r + 3*b, 5*b - 20 = -3*r + o. Let w(q) = 10*q**2 - 2*q. Calculate the remainder when w(4) is divided by r.
22
Calculate the remainder when 939 is divided by (12 - 0/20)*5/3.
19
Suppose -2*q = 2*n - 5730, 0 = 2*q - 32*n + 10*n - 5610. What is the remainder when q is divided by 151?
142
Let r(m) = -m**3 - 45*m**2 + 361*m + 41. Calculate the remainder when r(-52) is divided by 100.
97
Let j(a) = 3*a**2 + a - 8. Suppose m - 5*f = 12, 3*m + 4*f = f - 18. What is the remainder when 187 is divided by j(m)?
11
Suppose 3*m - 51 = 189. What is the remainder when m is divided by (-4)/(312/(-2118)) + (-6)/39?
26
Suppose -63*g + 60*g - 30 = 0. Let m = g + 126. Calculate the remainder when 360 is divided by m.
12
Let b(v) = 3*v**2 - 5*v + 4. Let w be b(4). Suppose 0 = j - 3*j + w. Suppose 24*r = 23*r + j. Calculate the remainder when r is divided by 8.
0
Let r(i) = -1. Let t(o) = -4*o - 26. Let v(g) = 2*r(g) + t(g). Calculate the remainder when v(-21) is divided by (30/(-4))/(1/(-2)).
11
Suppose 4*h - 2*h - 176 = 0. Suppose -i - 2*r = -18, 5*i - 42 = -3*r + 20. Calculate the remainder when h is divided by i.
8
Let c = -453 - -447. Calculate the remainder when c + ((-22)/6 - 5)*-15 is divided by 16.
12
Let i(z) = 64*z - 248. Suppose -4*n = -u - 15, 3*u + 0*n = -n + 20. Let h = 19 - u. Calculate the remainder when h is divided by i(4).
6
Suppose 21*k = 19*k + 190. Suppose y = -20*y - 227 + 920. What is the remainder when k is divided by y?
29
Suppose -56369*l = -56464*l + 20805. Calculate the remainder when l is divided by (-2)/6*3*-13.
11
Suppose 2*w - 72 = -w. Calculate the remainder when (-10*(-16)/480)/(2/612) is divided by 1/(3/(-9)) + w.
18
Suppose c + 4*r = 10, 2*r - 3*r + 31 = 5*c. Let q(a) = a**3 + 10*a**2 + 111*a + 1013. Calculate the remainder when q(-9) is divided by c.
5
What is the remainder when 4373 is divided by (-150)/(-20)*((-5)/(-1) + 3) + -6?
53
Let n = -25 + 47. Let x(a) = a**2 + 3. Let h be x(5). Let v = h + -16. Calculate the remainder when n is divided by v.
10
Suppose 3*z - 1 = 2*z - 2, 5*q - z = 91. Suppose 203 + 97 = 5*r. What is the remainder when r is divided by q?
6
Let g(j) = -j**2 - 11*j - 22. Let b be g(-4). What is the remainder when -199*(-2)/4 + 3/b is divided by 21?
16
Suppose 5*o - 7 = 3. Suppose -8 = o*i, 0 = 2*g + 2*i - 6*i - 42. What is the remainder when (97 - (2 + -1)) + -61 + 67 is divided by g?
11
Let j(t) be the first derivative of t**3/3 - 4*t**2 + 13*t - 32. Let v be j(8). What is the remainder when (-5)/1 + 1*v is divided by 6?
2
Let x = -15083 + 17011. What is the remainder when x is divided by 10?
8
Let s = 2972 - 1896. What is the remainder when s is divided by 36?
32
Let l be 1/21*7 + (-3133)/3. What is the remainder when 88 is divided by ((-4)/10)/(l/130 - -8)?
10
Suppose -2*k - 3408 = 5*u, 0 = -3*k - 4*u - 621 - 4477. Suppose 2*m - 18 - 16 = -5*b, 4*b = 0. Calculate the remainder when k/(-28) + 10/4 is divided by m.
12
What is the remainder when 50 is divided by 4966/764*(0 - -2)?
11
Let l = -2 + -1. Let a be 25 + l + 14/2. Suppose -j + a = r, 4*j + 6*r - 9*r - 130 = 0. Calculate the remainder when j is divided by 9.
4
Let d(l) = 647*l + 6383. What is the remainder when d(-9) is divided by 57?
47
Let m = -11317 + 11405. Calculate the remainder when 688 is divided by m.
72
Suppose 370 = 2*y + 2*t, -3*t = 4*y - 8*t - 695. Suppose 0 = 3*g - y + 81. What is the remainder when g is divided by 7?
5
Let o = 56 + -51. Let g = 1 - o. What is the remainder when 3 is divided by 1/(2/g) - (-10 + 5)?
0
Calculate the remainder when ((-680)/320)/(7/(-616)) is divided by 48.
43
Let v(u) = u**3 - u**2 + u + 47. Suppose f + 156 = -2*y, -5*f + y - 810 = 5*y. Let t = -159 - f. Calculate the remainder when v(0) is divided by t.
5
Suppose -57*s + 7668 = -30*s. Suppose -4*c - 24*z + s = -19*z, 0 = -5*z. Calculate the remainder when c is divided by 15.
11
Let o(i) = i - 240. Let u(d) = -243. Let r(q) = 2*o(q) - 3*u(q). What is the remainder when r(0) is divided by 42?
39
Suppose -7*q = -211 + 148. Let l(h) = -h**2 + 23*h - 25. Calculate the remainder when l(q) is divided by 15.
11
Let r = 249 + -46. Suppose 5*o + 8 = -32. What is the remainder when r is divided by -5 - (o/20 - 556/10)?
50
Suppose -3*t + 3*d = -144, -d = -6*t + 3*d + 286. Suppose -24 = -7*q + 4*q. Calculate the remainder when t is divided by q.
7
Let m(r) = -r**2 + 8*r + 30. Suppose z + 4*y = -29, -z + y = 2*z + 74. Let i = 73 + z. Calculate the remainder when i is divided by m(-2).
8
Let h(f) = -3*f**3 + 1. Let q be h(-2). Let w be ((-9)/(-12))/(5/(-700)*-1). Suppose -w = -4*z - q. Calculate the remainder when z is divided by 7.
6
Let b(s) = 136*s - 5. Let z be b(5). Let c = z + -431. What is the remainder when c is divided by 49?
48
Suppose 0 = 5*s + 5*y - 1230, 2*s - 2*y = 2*y + 498. Let n = -236 + s. Calculate the remainder when 45 is divided by n.
1
Let u = 4492 - 4247. Calculate the remainder when u is divided by 10.
5
Suppose 18*q - 1754 = 838. Suppose -q = -7*x + 346. What is the remainder when x is divided by 31?
8
Let o = -5 - -3. Let k = 9 + o. Calculate the remainder when (-4)/(-1)*19/(304/128) is divided by k.
4
Let i(o) = o**3 + 14*o**2 - 18*o - 61. Let q(j) = 13*j - 21. Let w be q(1). What is the remainder when i(w) is divided by 26?
25
Let c(u) = u**3 - 6*u**2 - 28. Let h be c(6). What is the remainder when (-1)/((h/292)/7) is divided by 4?
1
Suppose -15961 = -25*r - 2986. Let j = r - 241. Calculate the remainder when j is divided by 10.
8
Suppose -31*s + 51*s = -39*s + 3599. Calculate the remainder when 20066 is divided by s.
58
Suppose 1621 = 189*s - 7690 - 2785. Calculate the remainder when 902 is divided by s.
6
Suppose 23164 = 7*k + 20651. Suppose a = 31 - 7. What is the remainder when k is divided by a?
23
Suppose -9868 = -188*n + 6256 + 4932. What is the remainder when n is divided by 10?
2
Let x(b) = 15*b**2 + 3*b - 127. What is the remainder when x(-9) is divided by 19?
16
Suppose w - z = -4*w - 74, -7